{"id":9,"date":"2021-02-02T08:21:45","date_gmt":"2021-02-02T08:21:45","guid":{"rendered":"http:\/\/albertruyra.com\/about\/"},"modified":"2023-01-23T00:57:22","modified_gmt":"2023-01-23T00:57:22","slug":"abogados","status":"publish","type":"page","link":"http:\/\/albertruyra.com\/cat\/abogados\/","title":{"rendered":"Advocats"},"content":{"rendered":"<div data-elementor-type=\"wp-page\" data-elementor-id=\"9\" class=\"elementor elementor-9\">\n\t\t\t\t\t\t<section class=\"elementor-section elementor-top-section elementor-element elementor-element-7420c22 elementor-section-height-min-height elementor-section-full_width elementor-section-content-space-between elementor-section-height-default elementor-section-items-middle\" data-id=\"7420c22\" data-element_type=\"section\" data-e-type=\"section\" data-settings=\"{&quot;background_background&quot;:&quot;classic&quot;}\">\n\t\t\t\t\t\t\t<div class=\"elementor-background-overlay\"><\/div>\n\t\t\t\t\t\t\t<div class=\"elementor-container elementor-column-gap-no\">\n\t\t\t\t\t<div class=\"elementor-column elementor-col-100 elementor-top-column elementor-element elementor-element-9b8a153\" data-id=\"9b8a153\" data-element_type=\"column\" data-e-type=\"column\">\n\t\t\t<div class=\"elementor-widget-wrap elementor-element-populated\">\n\t\t\t\t\t\t<div class=\"elementor-element elementor-element-cb5dde3 elementor-absolute elementor-widget-divider--view-line elementor-widget elementor-widget-divider\" data-id=\"cb5dde3\" data-element_type=\"widget\" data-e-type=\"widget\" data-settings=\"{&quot;_position&quot;:&quot;absolute&quot;}\" data-widget_type=\"divider.default\">\n\t\t\t\t<div class=\"elementor-widget-container\">\n\t\t\t\t\t\t\t<div class=\"elementor-divider\">\n\t\t\t<span class=\"elementor-divider-separator\">\n\t\t\t\t\t\t<\/span>\n\t\t<\/div>\n\t\t\t\t\t\t<\/div>\n\t\t\t\t<\/div>\n\t\t\t\t\t<\/div>\n\t\t<\/div>\n\t\t\t\t\t<\/div>\n\t\t<\/section>\n\t\t\t\t<section class=\"elementor-section elementor-top-section elementor-element elementor-element-4130c40 elementor-section-boxed elementor-section-height-default elementor-section-height-default\" data-id=\"4130c40\" data-element_type=\"section\" data-e-type=\"section\" data-settings=\"{&quot;background_background&quot;:&quot;classic&quot;}\">\n\t\t\t\t\t\t<div class=\"elementor-container elementor-column-gap-no\">\n\t\t\t\t\t<div class=\"elementor-column elementor-col-50 elementor-top-column elementor-element elementor-element-1a4e914\" data-id=\"1a4e914\" data-element_type=\"column\" data-e-type=\"column\" data-settings=\"{&quot;background_background&quot;:&quot;classic&quot;}\">\n\t\t\t<div class=\"elementor-widget-wrap elementor-element-populated\">\n\t\t\t\t\t\t<div class=\"elementor-element elementor-element-b3d6d32 elementor-widget elementor-widget-image\" data-id=\"b3d6d32\" data-element_type=\"widget\" data-e-type=\"widget\" data-widget_type=\"image.default\">\n\t\t\t\t<div class=\"elementor-widget-container\">\n\t\t\t\t\t\t\t\t\t\t\t\t\t\t\t<img fetchpriority=\"high\" decoding=\"async\" width=\"1066\" height=\"1600\" src=\"http:\/\/albertruyra.com\/wp-content\/uploads\/2023\/01\/097ec09a-6659-40d8-aa8e-26cbd2fa583d.jpg\" class=\"attachment-full size-full wp-image-7485\" alt=\"\" srcset=\"http:\/\/albertruyra.com\/wp-content\/uploads\/2023\/01\/097ec09a-6659-40d8-aa8e-26cbd2fa583d.jpg 1066w, http:\/\/albertruyra.com\/wp-content\/uploads\/2023\/01\/097ec09a-6659-40d8-aa8e-26cbd2fa583d-200x300.jpg 200w, http:\/\/albertruyra.com\/wp-content\/uploads\/2023\/01\/097ec09a-6659-40d8-aa8e-26cbd2fa583d-682x1024.jpg 682w, http:\/\/albertruyra.com\/wp-content\/uploads\/2023\/01\/097ec09a-6659-40d8-aa8e-26cbd2fa583d-768x1153.jpg 768w, http:\/\/albertruyra.com\/wp-content\/uploads\/2023\/01\/097ec09a-6659-40d8-aa8e-26cbd2fa583d-1023x1536.jpg 1023w, http:\/\/albertruyra.com\/wp-content\/uploads\/2023\/01\/097ec09a-6659-40d8-aa8e-26cbd2fa583d-8x12.jpg 8w\" sizes=\"(max-width: 1066px) 100vw, 1066px\" \/>\t\t\t\t\t\t\t\t\t\t\t\t\t\t\t<\/div>\n\t\t\t\t<\/div>\n\t\t\t\t\t<\/div>\n\t\t<\/div>\n\t\t\t\t<div class=\"elementor-column elementor-col-50 elementor-top-column elementor-element elementor-element-572841d\" data-id=\"572841d\" data-element_type=\"column\" data-e-type=\"column\">\n\t\t\t<div class=\"elementor-widget-wrap elementor-element-populated\">\n\t\t\t\t\t\t<div class=\"elementor-element elementor-element-de89e1a elementor-widget elementor-widget-heading\" data-id=\"de89e1a\" data-element_type=\"widget\" data-e-type=\"widget\" data-widget_type=\"heading.default\">\n\t\t\t\t<div class=\"elementor-widget-container\">\n\t\t\t\t\t<h5 class=\"elementor-heading-title elementor-size-default\">Albert Ruyra Baliarda<\/h5>\t\t\t\t<\/div>\n\t\t\t\t<\/div>\n\t\t\t\t<div class=\"elementor-element elementor-element-81bd81a elementor-widget-divider--view-line elementor-widget elementor-widget-divider\" data-id=\"81bd81a\" data-element_type=\"widget\" data-e-type=\"widget\" data-widget_type=\"divider.default\">\n\t\t\t\t<div class=\"elementor-widget-container\">\n\t\t\t\t\t\t\t<div class=\"elementor-divider\">\n\t\t\t<span class=\"elementor-divider-separator\">\n\t\t\t\t\t\t<\/span>\n\t\t<\/div>\n\t\t\t\t\t\t<\/div>\n\t\t\t\t<\/div>\n\t\t\t\t<div class=\"elementor-element elementor-element-1aa2a02 elementor-widget elementor-widget-text-editor\" data-id=\"1aa2a02\" data-element_type=\"widget\" data-e-type=\"widget\" data-widget_type=\"text-editor.default\">\n\t\t\t\t<div class=\"elementor-widget-container\">\n\t\t\t\t\t\t\t\t\t<p>Llicenciat en Dret per la Universitat de Barcelona (anys 1985-1990), exercent, amb 30 anys d'experi\u00e8ncia en la pr\u00e0ctica professional, amb formaci\u00f3 en Cursos de Pr\u00e0ctica Jur\u00eddica del ICAB (anys 1990-1992), Cursos de Dret de Societats Mercantils (anys 1993-1994) i Cursos de Doctorat de Dret Processal Civil (anys 1999-2000), obtenint Certificat de Sufici\u00e8ncia Investigadora. Ha treballat com professor associat a la Universitat de Barcelona i a diversos despatxos multidisciplinars dedicats a l\u00b4\u00e0mbit particular i empresarial, tamb\u00e9 com assessor legal de empreses de diferents sectors. Tamb\u00e9 amb experi\u00e8ncia docent en el sector de la formaci\u00f3 en l\u00b4Autoocupaci\u00f3 per a emprenedors, en quan a les formes jur\u00eddiques de creaci\u00f3 d\u00b4empreses.<\/p>\t\t\t\t\t\t\t\t<\/div>\n\t\t\t\t<\/div>\n\t\t\t\t\t<\/div>\n\t\t<\/div>\n\t\t\t\t\t<\/div>\n\t\t<\/section>\n\t\t\t\t<section class=\"elementor-section elementor-top-section elementor-element elementor-element-683b929 elementor-section-boxed elementor-section-height-default elementor-section-height-default\" data-id=\"683b929\" data-element_type=\"section\" data-e-type=\"section\" data-settings=\"{&quot;background_background&quot;:&quot;classic&quot;}\">\n\t\t\t\t\t\t<div class=\"elementor-container elementor-column-gap-no\">\n\t\t\t\t\t<div class=\"elementor-column elementor-col-50 elementor-top-column elementor-element elementor-element-c698076\" data-id=\"c698076\" data-element_type=\"column\" data-e-type=\"column\" data-settings=\"{&quot;background_background&quot;:&quot;classic&quot;}\">\n\t\t\t<div class=\"elementor-widget-wrap elementor-element-populated\">\n\t\t\t\t\t\t<div class=\"elementor-element elementor-element-8ed9dfa elementor-widget elementor-widget-image\" data-id=\"8ed9dfa\" data-element_type=\"widget\" data-e-type=\"widget\" data-widget_type=\"image.default\">\n\t\t\t\t<div class=\"elementor-widget-container\">\n\t\t\t\t\t\t\t\t\t\t\t\t\t\t\t<img decoding=\"async\" src=\"http:\/\/albertruyra.com\/wp-content\/uploads\/elementor\/thumbs\/32c1c8e0-642e-4461-abf3-17310ab1fba6-q124wu741y6kypzzkqalt21mghb2d3w4em2jhraw84.jpg\" title=\"32c1c8e0-642e-4461-abf3-17310ab1fba6\" alt=\"32c1c8e0-642e-4461-abf3-17310ab1fba6\" loading=\"lazy\" \/>\t\t\t\t\t\t\t\t\t\t\t\t\t\t\t<\/div>\n\t\t\t\t<\/div>\n\t\t\t\t\t<\/div>\n\t\t<\/div>\n\t\t\t\t<div class=\"elementor-column elementor-col-50 elementor-top-column elementor-element elementor-element-76b5a70\" data-id=\"76b5a70\" data-element_type=\"column\" data-e-type=\"column\">\n\t\t\t<div class=\"elementor-widget-wrap elementor-element-populated\">\n\t\t\t\t\t\t<div class=\"elementor-element elementor-element-14ed7c6 elementor-widget elementor-widget-heading\" data-id=\"14ed7c6\" data-element_type=\"widget\" data-e-type=\"widget\" data-widget_type=\"heading.default\">\n\t\t\t\t<div class=\"elementor-widget-container\">\n\t\t\t\t\t<h5 class=\"elementor-heading-title elementor-size-default\">Montse Paba Serena<\/h5>\t\t\t\t<\/div>\n\t\t\t\t<\/div>\n\t\t\t\t<div class=\"elementor-element elementor-element-1d1b730 elementor-widget-divider--view-line elementor-widget elementor-widget-divider\" data-id=\"1d1b730\" data-element_type=\"widget\" data-e-type=\"widget\" data-widget_type=\"divider.default\">\n\t\t\t\t<div class=\"elementor-widget-container\">\n\t\t\t\t\t\t\t<div class=\"elementor-divider\">\n\t\t\t<span class=\"elementor-divider-separator\">\n\t\t\t\t\t\t<\/span>\n\t\t<\/div>\n\t\t\t\t\t\t<\/div>\n\t\t\t\t<\/div>\n\t\t\t\t<div class=\"elementor-element elementor-element-d52be17 elementor-widget elementor-widget-text-editor\" data-id=\"d52be17\" data-element_type=\"widget\" data-e-type=\"widget\" data-widget_type=\"text-editor.default\">\n\t\t\t\t<div class=\"elementor-widget-container\">\n\t\t\t\t\t\t\t\t\t<p>Llicenciada en Dret per la Universitat de Lleida l\u2019any 2009 amb formaci\u00f3 derivada dels Cursos de Pr\u00e0ctica Jur\u00eddica de l\u2019ICAB, i M\u00e0ster en Dret de Fam\u00edlia per la Universitat de Barcelona, amb \u00e0mplia experi\u00e8ncia professional de m\u00e9s de 15 anys en assist\u00e8ncia jur\u00eddica, responsabilitat en l\u2019assessorament i gesti\u00f3 d\u2019expedients legals.<\/p><p>\u00a0<\/p><p>\u00a0<\/p><p>\u00a0<\/p>\t\t\t\t\t\t\t\t<\/div>\n\t\t\t\t<\/div>\n\t\t\t\t\t<\/div>\n\t\t<\/div>\n\t\t\t\t\t<\/div>\n\t\t<\/section>\n\t\t\t\t<\/div>","protected":false},"excerpt":{"rendered":"<p>Albert Ruyra Baliarda Licenciado en Derecho por la Universidad de Barcelona (a\u00f1os 1985-1990), ejerciendo, con 30 a\u00f1os de experiencia en la pr\u00e1ctica profesional, con formaci\u00f3n en Cursos de Pr\u00e1ctica Jur\u00eddica del ICAB (a\u00f1os 1990-1992), Cursos de Derecho de Sociedades Mercantiles (a\u00f1os 1993-1994) y Cursos de Doctorado en Derecho Procesal Civil (a\u00f1os 1999-2000), obteniendo un Certificado [&hellip;]<\/p>\n","protected":false},"author":1,"featured_media":0,"parent":0,"menu_order":0,"comment_status":"closed","ping_status":"closed","template":"elementor_header_footer","meta":{"site-sidebar-layout":"no-sidebar","site-content-layout":"page-builder","ast-site-content-layout":"default","site-content-style":"default","site-sidebar-style":"default","ast-global-header-display":"","ast-banner-title-visibility":"","ast-main-header-display":"","ast-hfb-above-header-display":"","ast-hfb-below-header-display":"","ast-hfb-mobile-header-display":"","site-post-title":"disabled","ast-breadcrumbs-content":"disabled","ast-featured-img":"disabled","footer-sml-layout":"","ast-disable-related-posts":"","theme-transparent-header-meta":"enabled","adv-header-id-meta":"","stick-header-meta":"","header-above-stick-meta":"","header-main-stick-meta":"","header-below-stick-meta":"","astra-migrate-meta-layouts":"default","ast-page-background-enabled":"default","ast-page-background-meta":{"desktop":{"background-color":"","background-image":"","background-repeat":"repeat","background-position":"center center","background-size":"auto","background-attachment":"scroll","background-type":"","background-media":"","overlay-type":"","overlay-color":"","overlay-opacity":"","overlay-gradient":""},"tablet":{"background-color":"","background-image":"","background-repeat":"repeat","background-position":"center center","background-size":"auto","background-attachment":"scroll","background-type":"","background-media":"","overlay-type":"","overlay-color":"","overlay-opacity":"","overlay-gradient":""},"mobile":{"background-color":"","background-image":"","background-repeat":"repeat","background-position":"center center","background-size":"auto","background-attachment":"scroll","background-type":"","background-media":"","overlay-type":"","overlay-color":"","overlay-opacity":"","overlay-gradient":""}},"ast-content-background-meta":{"desktop":{"background-color":"var(--ast-global-color-5)","background-image":"","background-repeat":"repeat","background-position":"center center","background-size":"auto","background-attachment":"scroll","background-type":"","background-media":"","overlay-type":"","overlay-color":"","overlay-opacity":"","overlay-gradient":""},"tablet":{"background-color":"var(--ast-global-color-5)","background-image":"","background-repeat":"repeat","background-position":"center center","background-size":"auto","background-attachment":"scroll","background-type":"","background-media":"","overlay-type":"","overlay-color":"","overlay-opacity":"","overlay-gradient":""},"mobile":{"background-color":"var(--ast-global-color-5)","background-image":"","background-repeat":"repeat","background-position":"center center","background-size":"auto","background-attachment":"scroll","background-type":"","background-media":"","overlay-type":"","overlay-color":"","overlay-opacity":"","overlay-gradient":""}},"footnotes":""},"class_list":["post-9","page","type-page","status-publish","hentry"],"_links":{"self":[{"href":"http:\/\/albertruyra.com\/cat\/wp-json\/wp\/v2\/pages\/9","targetHints":{"allow":["GET"]}}],"collection":[{"href":"http:\/\/albertruyra.com\/cat\/wp-json\/wp\/v2\/pages"}],"about":[{"href":"http:\/\/albertruyra.com\/cat\/wp-json\/wp\/v2\/types\/page"}],"author":[{"embeddable":true,"href":"http:\/\/albertruyra.com\/cat\/wp-json\/wp\/v2\/users\/1"}],"replies":[{"embeddable":true,"href":"http:\/\/albertruyra.com\/cat\/wp-json\/wp\/v2\/comments?post=9"}],"version-history":[{"count":43,"href":"http:\/\/albertruyra.com\/cat\/wp-json\/wp\/v2\/pages\/9\/revisions"}],"predecessor-version":[{"id":7557,"href":"http:\/\/albertruyra.com\/cat\/wp-json\/wp\/v2\/pages\/9\/revisions\/7557"}],"wp:attachment":[{"href":"http:\/\/albertruyra.com\/cat\/wp-json\/wp\/v2\/media?parent=9"}],"curies":[{"name":"wp","href":"https:\/\/api.w.org\/{rel}","templated":true}]}}